e 4, what is 1230223 + 3?
1230232
In base 8, what is 10317 + -2414?
5703
In base 14, what is c8 - -cdb?
dc5
In base 7, what is 53 - -334516?
334602
In base 15, what is -4 + -4ce83?
-4ce87
In base 2, what is 10010000000111100011 + 11?
10010000000111100110
In base 13, what is a - -95a?
967
In base 10, what is 51812 + -11?
51801
In base 8, what is 5 + -1540422?
-1540415
In base 13, what is 4273a - -5?
42742
In base 15, what is 59 - -118b?
11e5
In base 16, what is 2b - -12aa0?
12acb
In base 9, what is -1 - 45675?
-45676
In base 4, what is -101213 - 133?
-102012
In base 5, what is 1043 - -10233?
11331
In base 11, what is 0 - 497?
-497
In base 3, what is 111021 - 112020221?
-111202200
In base 6, what is -1041 + -522?
-2003
In base 3, what is -12102 - 1002120?
-1021222
In base 12, what is 4 + 57625?
57629
In base 15, what is -19bbb0 - -2?
-19bbad
In base 7, what is 3 - -5033?
5036
In base 8, what is 15115 - 52?
15043
In base 8, what is -22117 - 6?
-22125
In base 13, what is 920a - 17?
91c3
In base 5, what is 10112321 + 2?
10112323
In base 4, what is 132223213 - 2?
132223211
In base 5, what is 41102 - 12?
41040
In base 7, what is 25313 - 10?
25303
In base 13, what is ac7488 + 2?
ac748a
In base 13, what is -118345 - 0?
-118345
In base 8, what is 60211 - 4?
60205
In base 15, what is -4 + a79?
a75
In base 4, what is -12013 - 320202?
-332221
In base 14, what is 113a22 - -2?
113a24
In base 16, what is -20 - 4e56?
-4e76
In base 8, what is 6054 - 3?
6051
In base 9, what is 0 - -34603?
34603
In base 15, what is -1b3e - -167?
-19c7
In base 12, what is 282 - -443?
705
In base 13, what is 16755 + 4?
16759
In base 14, what is -59933 - 0?
-59933
In base 7, what is 43444 - 33?
43411
In base 8, what is -5 - -106145?
106140
In base 5, what is -323323 - -1014?
-322304
In base 2, what is 11110000 + 10011?
100000011
In base 16, what is -58 - 7?
-5f
In base 11, what is -32 - 314?
-346
In base 10, what is 5 - 2254?
-2249
In base 12, what is 13 - -340a?
3421
In base 15, what is -152c90 + -1?
-152c91
In base 11, what is 222246 + -a?
222237
In base 9, what is 6383 - 183?
6200
In base 4, what is -120 + -120131?
-120311
In base 12, what is 993328 + 4?
993330
In base 12, what is -2 + 6673?
6671
In base 16, what is 20 + -4cbe?
-4c9e
In base 8, what is -2 + 2?
0
In base 8, what is -2361147 + 2?
-2361145
In base 15, what is 11 - -b7c?
b8d
In base 9, what is 376325 + 5?
376331
In base 16, what is -8d - -20e1?
2054
In base 12, what is -8 + 4174?
4168
In base 6, what is -4231441 + -3?
-4231444
In base 14, what is -5 - -3093d?
30938
In base 2, what is 110101110011010 + 10100?
110101110101110
In base 8, what is -2010016 - -5?
-2010011
In base 13, what is 2 - a87?
-a85
In base 7, what is -5 + -50515?
-50523
In base 2, what is -110011010101 - 1100010?
-110100110111
In base 9, what is 1152 - -61?
1223
In base 2, what is 110011 - 11000011101110?
-11000010111011
In base 15, what is -18990 + -5?
-18995
In base 5, what is -4041321 - 123?
-4041444
In base 3, what is -120221000012 + -10?
-120221000022
In base 11, what is a437 + 2?
a439
In base 12, what is 2 + 9758?
975a
In base 15, what is 108e + 90?
112e
In base 14, what is 364 - -1c?
382
In base 7, what is 1653004 + 5?
1653012
In base 13, what is 32 - -94c9?
952b
In base 8, what is 1156 - -145?
1323
In base 4, what is 101122313 + 11?
101122330
In base 4, what is 320312 + -21023?
233223
In base 16, what is -4046 - -16?
-4030
In base 9, what is -4 - 64521?
-64525
In base 8, what is 4256 + -1311?
2745
In base 6, what is 5 + -1032031?
-1032022
In base 10, what is 2 - -144901?
144903
In base 12, what is 4 - 59891?
-59889
In base 16, what is d3 + 59b?
66e
In base 3, what is -10 - 21011110121?
-21011110201
In base 7, what is -621222 + -1?
-621223
In base 12, what is 3 + -417b?
-4178
In base 13, what is 12b + 4a3a?
4b68
In base 9, what is 62 - 12117?
-12045
In base 8, what is 201056 + 1?
201057
In base 3, what is 100121120 + 10?
100121200
In base 12, what is 11755 - -3?
11758
In base 3, what is 11 - -102210221210?
102210221221
In base 3, what is 111121210021 - -11?
111121210102
In base 9, what is -7403 + 50?
-7343
In base 4, what is 30311 - 3322?
20323
In base 15, what is 1a262 + e?
1a271
In base 10, what is 151 + -18216?
-18065
In base 7, what is 104611 - 2?
104606
In base 13, what is -3022 - -127?
-2bc8
In base 6, what is 11 - 304105?
-304054
In base 11, what is 35a - 1?
359
In base 3, what is -211211020 + 10?
-211211010
In base 4, what is -102023 - 2031?
-110120
In base 15, what is -3 - -2062a?
20627
In base 12, what is -718a + 3?
-7187
In base 14, what is -2 + -44765?
-44767
In base 13, what is -115 - 1a5?
-2ba
In base 6, what is 304051 - -3?
304054
In base 10, what is 1838 - -30?
1868
In base 11, what is -889 + a4a?
171
In base 8, what is 242 + 1543?
2005
In base 10, what is 234247 - 4?
234243
In base 5, what is -114310 - -11?
-114244
In base 5, what is -10 - -121142?
121132
In base 3, what is 11100 - -1021?
12121
In base 10, what is 0 - -126910?
126910
In base 14, what is -54a1 + 2?
-549d
In base 12, what is 15b - 823?
-684
In base 13, what is -1428 - 7?
-1432
In base 11, what is -16 - -4910?
48a5
In base 11, what is -1652 + 82?
-1580
In base 14, what is 34a + -36?
314
In base 5, what is -332102400 - -2?
-332102343
In base 8, what is -541315 + -2?
-541317
In base 15, what is a35 + -c?
a28
In base 3, what is 100200210 + 10100?
100211010
In base 3, what is -11 - 2010022222?
-2010100010
In base 5, what is -30 - 4234?
-4314
In base 9, what is 42303 + 0?
42303
In base 15, what is 38 - 15a42?
-15a09
In base 11, what is 94069 + 3?
94071
In base 13, what is -4 + -299b2?
-299b6
In base 15, what is -65 + -a7?
-11c
In base 2, what is -10001 - -10001001000110?
10001000110101
In base 3, what is 1112 - 100012110?
-100010221
In base 5, what is 4134010 + 0?
4134010
In base 16, what is -787e + -b?
-7889
In base 3, what is -11 + 21122000?
21121212
In base 16, what is -10bc - 8?
-10c4
In base 5, what is -3 - -42041212?
42041204
In base 12, what is 39 - -1a41?
1a7a
In base 4, what is -11 + 2120012023?
2120012012
In base 3, what is 101201 - -110222020?
111100221
In base 11, what is 3 - 7518?
-7515
In base 11, what is 676 + -529?
148
In base 7, what is -610616 + -1?
-610620
In base 2, what is 111 - 111001110110100010?
-111001110110011011
In base 9, what is -5 - -63508?
63503
In base 5, what is 12000013 + 11?
12000024
In base 5, what is 41 + -144412?
-144321
In base 16, what is cbf - -b?
cca
In base 15, what is -4822 - 2?
-4824
In base 5, what is -3 + 2204011?
2204003
In base 5, what is -12 - 412222?
-412234
In base 10, what is -47 + -1948?
-1995
In base 13, what is a71 - 2c4?
77a
In base 3, what is 20112101 - 11?
20112020
In base 7, what is -11 - -1134?
1123
In base 16, what is -333 - 20?
-353
In base 7, what is 1 + -4144304?
-4144303
In base 3, what is -1 - 1011002220010?
-1011002220011
In base 5, what is -1214 + -13?
-1232
In base 5, what is -231212 + 244?
-230413
In base 8, what is 5733 + 643?
6576
In base 7, what is -2 - 16631?
-16633
In base 12, what is 14 + b50?
b64
In base 10, what is -1982677 + 5?
-1982672
In base 9, what is 1220 + 1384?
2614
In base 3, what is -2211110 + 102212?
-2101121
In base 12, what is -118 + -49?
-165
In base 15, what is 5 - 18922?
-1891c
In base 13, what is 33 - -4c26?
4c59
In base 12, what is 1 - 13602?
-13601
In base 4, what is 3020 - 2?
3012
In base 6, what is 1411153 - -10?
1411203
In base 6, what is 4 + -1242004?
-1242000
In base 9, what is -3376804 + -2?
-3376806
In base 10, what is 3 + -82933?
-82930
In base 6, what is 20 + -5014?
-4554
In base 2, what is 1001111 - 11?
1001100
In base 9, what is -1 + 134183?
134182
In base 12, what is 14b3 + 3?
14b6
In base 2, what is -1000001001110 + 111?
-1000001000111
In base 2, what is -1 - -110101000010011?
110101000010010
In base 16, what is -1bc8e + -3?
-1bc91
In base 3, what is -211211122110 - -11?
-211211122022
In base 6, what is -102 + -211011?
-211113
In base 4, what is -10 - -213331022?
213331012
In base 2, what is -111101010 - -1101111?
-101111011
In base 5, what is 1142140 + -10?
1142130
In base 11, what is -221 + -721?
-942
In base 3, what is 2102000112000 + -2?
2102000111221
In base 12, what is -9906b + 10?
-9905b
In base 7, what is 22256 - 0?
22256
In base 3, what is 1112